{"id":313,"date":"2023-04-24T23:41:17","date_gmt":"2023-04-24T21:41:17","guid":{"rendered":"http:\/\/medile.fr\/?page_id=313"},"modified":"2023-06-29T22:55:12","modified_gmt":"2023-06-29T20:55:12","slug":"lem-sculpt","status":"publish","type":"page","link":"http:\/\/medile.fr\/?page_id=313","title":{"rendered":"L&rsquo;EM Sculpt"},"content":{"rendered":"\t\t<div data-elementor-type=\"wp-page\" data-elementor-id=\"313\" class=\"elementor elementor-313\">\n\t\t\t\t\t\t<section class=\"elementor-section elementor-top-section elementor-element elementor-element-9faff70 elementor-section-boxed elementor-section-height-default elementor-section-height-default\" data-id=\"9faff70\" data-element_type=\"section\">\n\t\t\t\t\t\t<div class=\"elementor-container elementor-column-gap-default\">\n\t\t\t\t\t<div class=\"elementor-column elementor-col-100 elementor-top-column elementor-element elementor-element-52c99a5\" data-id=\"52c99a5\" data-element_type=\"column\">\n\t\t\t<div class=\"elementor-widget-wrap elementor-element-populated\">\n\t\t\t\t\t\t<div class=\"elementor-element elementor-element-82ab346 elementor-widget elementor-widget-image\" data-id=\"82ab346\" data-element_type=\"widget\" data-widget_type=\"image.default\">\n\t\t\t\t<div class=\"elementor-widget-container\">\n\t\t\t\t\t\t\t\t\t\t\t\t\t<img fetchpriority=\"high\" decoding=\"async\" width=\"800\" height=\"422\" src=\"http:\/\/medile.fr\/wp-content\/uploads\/2023\/04\/Emsculpt-treatment.jpeg\" class=\"attachment-large size-large wp-image-315\" alt=\"\" srcset=\"http:\/\/medile.fr\/wp-content\/uploads\/2023\/04\/Emsculpt-treatment.jpeg 1000w, http:\/\/medile.fr\/wp-content\/uploads\/2023\/04\/Emsculpt-treatment-300x158.jpeg 300w, http:\/\/medile.fr\/wp-content\/uploads\/2023\/04\/Emsculpt-treatment-768x405.jpeg 768w\" sizes=\"(max-width: 800px) 100vw, 800px\" \/>\t\t\t\t\t\t\t\t\t\t\t\t\t<\/div>\n\t\t\t\t<\/div>\n\t\t\t\t\t<\/div>\n\t\t<\/div>\n\t\t\t\t\t<\/div>\n\t\t<\/section>\n\t\t\t\t<section class=\"elementor-section elementor-top-section elementor-element elementor-element-388590a elementor-section-boxed elementor-section-height-default elementor-section-height-default\" data-id=\"388590a\" data-element_type=\"section\">\n\t\t\t\t\t\t<div class=\"elementor-container elementor-column-gap-default\">\n\t\t\t\t\t<div class=\"elementor-column elementor-col-100 elementor-top-column elementor-element elementor-element-1871b8b\" data-id=\"1871b8b\" data-element_type=\"column\">\n\t\t\t<div class=\"elementor-widget-wrap elementor-element-populated\">\n\t\t\t\t\t\t\t<\/div>\n\t\t<\/div>\n\t\t\t\t\t<\/div>\n\t\t<\/section>\n\t\t\t\t<section class=\"elementor-section elementor-top-section elementor-element elementor-element-b8e3c6b elementor-section-boxed elementor-section-height-default elementor-section-height-default\" data-id=\"b8e3c6b\" data-element_type=\"section\">\n\t\t\t\t\t\t<div class=\"elementor-container elementor-column-gap-default\">\n\t\t\t\t\t<div class=\"elementor-column elementor-col-100 elementor-top-column elementor-element elementor-element-07b4401\" data-id=\"07b4401\" data-element_type=\"column\">\n\t\t\t<div class=\"elementor-widget-wrap elementor-element-populated\">\n\t\t\t\t\t\t<div class=\"elementor-element elementor-element-b673bc6 elementor-widget elementor-widget-text-editor\" data-id=\"b673bc6\" data-element_type=\"widget\" data-widget_type=\"text-editor.default\">\n\t\t\t\t<div class=\"elementor-widget-container\">\n\t\t\t\t\t\t\t<header class=\"page-header\"><div class=\"container\"><section class=\"--intro\"><h1 class=\"medium\">EMSculpt : renforcement musculaire et \u00e9limination de la graisse<\/h1><\/section><\/div><\/header><article class=\"content\"><div class=\"container\"><div class=\"header row flex\"><div class=\"-col-xs-12 -col-md-7 tabs\">\u00a0<\/div><\/div><\/div><\/article>\t\t\t\t\t\t<\/div>\n\t\t\t\t<\/div>\n\t\t\t\t\t<\/div>\n\t\t<\/div>\n\t\t\t\t\t<\/div>\n\t\t<\/section>\n\t\t\t\t<section class=\"elementor-section elementor-top-section elementor-element elementor-element-0bc4463 elementor-section-boxed elementor-section-height-default elementor-section-height-default\" data-id=\"0bc4463\" data-element_type=\"section\">\n\t\t\t\t\t\t<div class=\"elementor-container elementor-column-gap-default\">\n\t\t\t\t\t<div class=\"elementor-column elementor-col-100 elementor-top-column elementor-element elementor-element-79b08ba\" data-id=\"79b08ba\" data-element_type=\"column\">\n\t\t\t<div class=\"elementor-widget-wrap elementor-element-populated\">\n\t\t\t\t\t\t<div class=\"elementor-element elementor-element-dcf01fb elementor-widget elementor-widget-text-editor\" data-id=\"dcf01fb\" data-element_type=\"widget\" data-widget_type=\"text-editor.default\">\n\t\t\t\t<div class=\"elementor-widget-container\">\n\t\t\t\t\t\t\t<p><strong>SEULEMENT 4 S\u00c9ANCES EN 10 JOURS POUR UNE SILHOUETTE REMODEL\u00c9E ET AFFIN\u00c9E<\/strong><\/p><p>EMSculpt est un dispositif <strong>unique en France<\/strong>, et le seul proc\u00e9d\u00e9 non invasif pouvant permettre de gagner en masse musculaire et perdre en masse graisseuse, sans aucun effort. Cette technique de\u00a0<strong>remodelage corporel<\/strong>\u00a0en plein boom aux \u00c9tats-Unis r\u00e9volutionne l&rsquo;amincissement et le gainage en 4 s\u00e9ances seulement gr\u00e2ce aux contractions musculaires provoqu\u00e9es. Cette technique utilise l&rsquo;\u00e9nergie \u00e9lectromagn\u00e9tique de haute intensit\u00e9 et engendre\u00a0<strong>20 000 contractions musculaires\u00a0<\/strong>(soit 20 000 squats ou crunchs)\u00a0<strong>en 30 minutes<\/strong>, non atteignable volontairement, entra\u00eenant une perte de graisse et un\u00a0renforcement du tissu musculaire de la zone trait\u00e9e.<\/p>\t\t\t\t\t\t<\/div>\n\t\t\t\t<\/div>\n\t\t\t\t\t<\/div>\n\t\t<\/div>\n\t\t\t\t\t<\/div>\n\t\t<\/section>\n\t\t\t\t<section class=\"elementor-section elementor-top-section elementor-element elementor-element-c0b1e26 elementor-section-boxed elementor-section-height-default elementor-section-height-default\" data-id=\"c0b1e26\" data-element_type=\"section\">\n\t\t\t\t\t\t<div class=\"elementor-container elementor-column-gap-default\">\n\t\t\t\t\t<div class=\"elementor-column elementor-col-100 elementor-top-column elementor-element elementor-element-6e92510\" data-id=\"6e92510\" data-element_type=\"column\">\n\t\t\t<div class=\"elementor-widget-wrap elementor-element-populated\">\n\t\t\t\t\t\t<div class=\"elementor-element elementor-element-ef337f1 elementor-widget elementor-widget-text-editor\" data-id=\"ef337f1\" data-element_type=\"widget\" data-widget_type=\"text-editor.default\">\n\t\t\t\t<div class=\"elementor-widget-container\">\n\t\t\t\t\t\t\t<h3>EMSculpt\u00ae d\u00e9veloppe la musculature et r\u00e9duit la masse graisseuse en 4 s\u00e9ances<\/h3><p>Le traitement apporte un remodelage corporel non invasif,\u00a0<strong>similaire \u00e0 6 mois d\u2019entrainements physiques<\/strong>\u00a0intensif avec r\u00e9gime alimentaire. Contrairement aux autres techniques m\u00e9dico-esth\u00e9tiques actuelles d\u2019amincissement, EMSculpt\u00ae pr\u00e9sente l\u2019avantage de favoriser le\u00a0<strong>gain de muscle<\/strong>\u00a0\u2013 et non uniquement la perte de graisse sous-cutan\u00e9e comme pour la\u00a0<a href=\"https:\/\/www.cshp.fr\/cryolipolyse\/\">cryolipolyse<\/a>\u00a0ou la rel\u00e2chement de la peau comme l\u2019<a href=\"https:\/\/www.cshp.fr\/ultherapy\/\">ulth\u00e9rapy<\/a>\u00a0.<\/p><p>Les r\u00e9sultats d\u2019EM Sculpt\u00ae se ressentent d\u00e8s la 1\u00e8re s\u00e9ance et sont clairement visibles \u00e0 partir de 1 \u00e0 3 mois. La s\u00e9ance n\u2019entraine aucune indisponibilit\u00e9 sociale et\u00a0<strong>d\u00e9veloppe la musculature en sculptant la silhouette en 4 s\u00e9ances<\/strong>\u00a0:<\/p><ul><li>\u2013 19% de masse graisseuse<\/li><li>+ 16% de masse musculaire<\/li><\/ul><p>EMSCULPT\u00ae est la seule technique non invasive au monde,\u00a0<strong>agr\u00e9\u00e9e par la FDA<\/strong>\u00a0(Haute Autorit\u00e9 de sant\u00e9 Am\u00e9ricaine) comme technique permettant l\u2019am\u00e9lioration du tonus abdominal, le renforcement des muscles\u00a0<strong>abdominaux<\/strong>, le d\u00e9veloppement d\u2019un abdomen plus ferme, ainsi que le renforcement, la tonification et le raffermissement des\u00a0<strong>fesses et des quadriceps<\/strong>. De plus, l\u2019efficacit\u00e9 (96% des patients sont satisfaits), la s\u00e9curit\u00e9 et l\u2019innocuit\u00e9 ont \u00e9t\u00e9 test\u00e9s scientifiquement dans le cadre de\u00a0<strong>7 \u00e9tudes cliniques<\/strong>\u00a0men\u00e9es aux \u00c9tats-Unis (via des tests tomodensitom\u00e9tries, images IRM et ultrasons et photos avant et apr\u00e8s \u00e0 l\u2019appui.)<\/p>\t\t\t\t\t\t<\/div>\n\t\t\t\t<\/div>\n\t\t\t\t\t<\/div>\n\t\t<\/div>\n\t\t\t\t\t<\/div>\n\t\t<\/section>\n\t\t\t\t<\/div>\n\t\t","protected":false},"excerpt":{"rendered":"<p>EMSculpt : renforcement musculaire et \u00e9limination de la graisse &nbsp; SEULEMENT 4 S\u00c9ANCES EN 10 JOURS POUR UNE SILHOUETTE REMODEL\u00c9E ET AFFIN\u00c9E EMSculpt est un dispositif unique en France, et le seul proc\u00e9d\u00e9 non invasif pouvant permettre de gagner en masse musculaire et perdre en masse graisseuse, sans aucun effort. Cette technique de&nbsp;remodelage corporel&nbsp;en plein [&hellip;]<\/p>\n","protected":false},"author":1,"featured_media":0,"parent":327,"menu_order":0,"comment_status":"closed","ping_status":"closed","template":"","meta":{"inline_featured_image":false,"footnotes":""},"class_list":["post-313","page","type-page","status-publish","hentry"],"_links":{"self":[{"href":"http:\/\/medile.fr\/index.php?rest_route=\/wp\/v2\/pages\/313"}],"collection":[{"href":"http:\/\/medile.fr\/index.php?rest_route=\/wp\/v2\/pages"}],"about":[{"href":"http:\/\/medile.fr\/index.php?rest_route=\/wp\/v2\/types\/page"}],"author":[{"embeddable":true,"href":"http:\/\/medile.fr\/index.php?rest_route=\/wp\/v2\/users\/1"}],"replies":[{"embeddable":true,"href":"http:\/\/medile.fr\/index.php?rest_route=%2Fwp%2Fv2%2Fcomments&post=313"}],"version-history":[{"count":5,"href":"http:\/\/medile.fr\/index.php?rest_route=\/wp\/v2\/pages\/313\/revisions"}],"predecessor-version":[{"id":346,"href":"http:\/\/medile.fr\/index.php?rest_route=\/wp\/v2\/pages\/313\/revisions\/346"}],"up":[{"embeddable":true,"href":"http:\/\/medile.fr\/index.php?rest_route=\/wp\/v2\/pages\/327"}],"wp:attachment":[{"href":"http:\/\/medile.fr\/index.php?rest_route=%2Fwp%2Fv2%2Fmedia&parent=313"}],"curies":[{"name":"wp","href":"https:\/\/api.w.org\/{rel}","templated":true}]}}